1?
0
What is the millions digit of 1259563?
1
What is the tens digit of 4957176?
7
What is the thousands digit of 7030475?
0
What is the hundreds digit of 1218671?
6
What is the ten thousands digit of 234022?
3
What is the hundred thousands digit of 561642?
5
What is the ten thousands digit of 2965858?
6
What is the thousands digit of 1522553?
2
What is the units digit of 1336100?
0
What is the tens digit of 364150?
5
What is the ten thousands digit of 3086440?
8
What is the units digit of 203319?
9
What is the ten thousands digit of 568889?
6
What is the hundreds digit of 510945?
9
What is the units digit of 1440307?
7
What is the thousands digit of 19835513?
5
What is the units digit of 1119539?
9
What is the tens digit of 22799524?
2
What is the tens digit of 133287?
8
What is the hundred thousands digit of 903100?
9
What is the ten millions digit of 18696426?
1
What is the thousands digit of 134380?
4
What is the thousands digit of 397844?
7
What is the hundreds digit of 355726?
7
What is the units digit of 180766?
6
What is the hundreds digit of 13751722?
7
What is the thousands digit of 321359?
1
What is the tens digit of 152785?
8
What is the tens digit of 738066?
6
What is the thousands digit of 6606059?
6
What is the tens digit of 18093981?
8
What is the ten thousands digit of 10839783?
3
What is the units digit of 1310689?
9
What is the ten thousands digit of 142002?
4
What is the thousands digit of 658768?
8
What is the units digit of 829795?
5
What is the thousands digit of 1779793?
9
What is the ten thousands digit of 65509?
6
What is the thousands digit of 1459815?
9
What is the units digit of 114812?
2
What is the tens digit of 4456362?
6
What is the tens digit of 1171022?
2
What is the tens digit of 131571?
7
What is the tens digit of 283837?
3
What is the ten thousands digit of 116814?
1
What is the ten thousands digit of 3469251?
6
What is the hundreds digit of 12310074?
0
What is the ten millions digit of 16020591?
1
What is the hundreds digit of 615?
6
What is the ten millions digit of 10517342?
1
What is the units digit of 199519?
9
What is the thousands digit of 15962265?
2
What is the ten thousands digit of 373106?
7
What is the hundred thousands digit of 3060716?
0
What is the tens digit of 1733596?
9
What is the tens digit of 22687183?
8
What is the hundreds digit of 1764452?
4
What is the hundreds digit of 288216?
2
What is the hundred thousands digit of 227577?
2
What is the units digit of 59298?
8
What is the units digit of 2863613?
3
What is the hundreds digit of 402398?
3
What is the tens digit of 24909?
0
What is the tens digit of 110404?
0
What is the hundreds digit of 11946832?
8
What is the millions digit of 2156296?
2
What is the ten thousands digit of 902972?
0
What is the units digit of 13330468?
8
What is the hundreds digit of 857989?
9
What is the hundred thousands digit of 10975191?
9
What is the hundred thousands digit of 873475?
8
What is the hundreds digit of 304623?
6
What is the hundreds digit of 719182?
1
What is the tens digit of 5254775?
7
What is the hundred thousands digit of 1380527?
3
What is the hundred thousands digit of 287833?
2
What is the hundred thousands digit of 164267?
1
What is the ten thousands digit of 4595789?
9
What is the hundreds digit of 144149?
1
What is the units digit of 124602?
2
What is the tens digit of 274144?
4
What is the units digit of 1995584?
4
What is the hundred thousands digit of 402376?
4
What is the ten thousands digit of 1004870?
0
What is the thousands digit of 152855?
2
What is the thousands digit of 4988865?
8
What is the units digit of 3651513?
3
What is the hundreds digit of 1128413?
4
What is the units digit of 1041769?
9
What is the millions digit of 9806653?
9
What is the hundred thousands digit of 3059814?
0
What is the hundreds digit of 221173?
1
What is the hundreds digit of 5233943?
9
What is the hundred thousands digit of 846782?
8
What is the hundred thousands digit of 449011?
4
What is the thousands digit of 53076?
3
What is the ten thousands digit of 2544440?
4
What is the ten thousands digit of 14753396?
5
What is the units digit of 3706512?
2
What is the ten thousands digit of 1693642?
9
What is the units digit of 12150907?
7
What is the ten thousands digit of 3301835?
0
What is the thousands digit of 297135?
7
What is the tens digit of 220278?
7
What is the thousands digit of 1503524?
3
What is the units digit of 513267?
7
What is the tens digit of 1321493?
9
What is the hundred thousands digit of 792937?
7
What is the tens digit of 147427?
2
What is the units digit of 13225407?
7
What is the units digit of 52665?
5
What is the ten thousands digit of 654049?
5
What is the millions digit of 12824283?
2
What is the hundred thousands digit of 158610?
1
What is the millions digit of 35409638?
5
What is the tens digit of 12434383?
8
What is the tens digit of 11430748?
4
What is the millions digit of 6452494?
6
What is the ten thousands digit of 603622?
0
What is the tens digit of 233643?
4
What is the units digit of 465640?
0
What is the ten thousands digit of 1211681?
1
What is the hundreds digit of 616565?
5
What is the units digit of 2026955?
5
What is the hundred thousands digit of 358171?
3
What is the thousands digit of 553711?
3
What is the ten millions digit of 38779377?
3
What is the hundreds digit of 206788?
7
What is the units digit of 6402288?
8
What is the units digit of 70028?
8
What is the hundreds digit of 1541506?
5
What is the hundred thousands digit of 137797?
1
What is the millions digit of 1019069?
1
What is the thousands digit of 896416?
6
What is the hundred thousands digit of 3005775?
0
What is the thousands digit of 3490853?
0
What is the thousands digit of 19615204?
5
What is the ten millions digit of 26802602?
2
What is the thousands digit of 369877?
9
What is the hundred thousands digit of 2334863?
3
What is the tens digit of 746258?
5
What is the ten thousands digit of 19964640?
6
What is the hundreds digit of 157050?
0
What is the hundred thousands digit of 8752297?
7
What is the hundred thousands digit of 853255?
8
What is the ten thousands digit of 169285?
6
What is the hundred thousands digit of 505114?
5
What is the tens digit of 449560?
6
What is the hundreds digit of 2746739?
7
What is the thousands digit of 142746?
2
What is the hundred thousands digit of 2083466?
0
What is the hundreds digit of 34560054?
0
What is the ten thousands digit of 1828987?
2
What is the thousands digit of 1967999?
7
What is the millions digit of 5683389?
5
What is the millions digit of 2509948?
2
What is the hundreds digit of 2416351?
3
What is the hundred thousands digit of 1404362?
4
What is the millions digit of 9606258?
9
What is the tens digit of 185036?
3
What is the hundreds digit of 30266017?
0
What is the units digit of 2156553?
3
What is the hundreds digit of 484500?
5
What is the thousands digit of 1953042?
3
What is the hundred thousands digit of 209007?
2
What is the hundred thousands digit of 4211215?
2
What is the tens digit of 512225?
2
What is the thousands digit of 456576?
6
What is the thousands digit of 226923?
6
What is the hundreds digit of 566260?
2
What is the hundred thousands digit of 11077134?
0
What is the hundreds digit of 617863?
8
What is the hundreds digit of 19444?
4
What is the thousands digit of 5325003?
5
What is the units digit of 3481484?
4
What is the thousands digit of 408466?
8
What is the hundreds digit of 217762?
7
What is the hundreds digit of 1159960?
9
What is the hundred thousands digit of 5073679?
0
What is the hundred thousands digit of 4234500?
2
What is the ten thousands digit of 18783726?
8
What is the units digit of 3593385?
5
What is the millions digit of 6940084?
6
What is the ten thousands digit of 346140?
4
What is the thousands digit of 352844?
2
What is the hundreds digit of 2941062?
0
What is the hundreds digit of 2227281?
2
What is the units digit of 29478528?
8
What is the hundreds digit of 43936507?
5
What is the hundred thousands digit of 2608281?
6
What is the tens digit of 11907610?
1
What is the hundred thousands digit of 1500141?
5
What is the ten thousands digit of 112669?
1
What is the tens digit of 283339?
3
What is the hundreds digit of 34592?
5
What is 